hen 21 is divided by 4.
1
What is the remainder when 6894 is divided by 8?
6
What is the remainder when 224 is divided by 147?
77
What is the remainder when 517 is divided by 19?
4
Calculate the remainder when 2000 is divided by 20.
0
Calculate the remainder when 28 is divided by 19.
9
Calculate the remainder when 9238 is divided by 42.
40
What is the remainder when 2528 is divided by 230?
228
What is the remainder when 190 is divided by 6?
4
What is the remainder when 263 is divided by 3?
2
What is the remainder when 297 is divided by 25?
22
Calculate the remainder when 133 is divided by 2.
1
What is the remainder when 1690 is divided by 11?
7
Calculate the remainder when 228 is divided by 164.
64
Calculate the remainder when 5596 is divided by 45.
16
Calculate the remainder when 3635 is divided by 243.
233
Calculate the remainder when 139 is divided by 102.
37
What is the remainder when 56 is divided by 51?
5
What is the remainder when 22 is divided by 8?
6
What is the remainder when 52 is divided by 14?
10
Calculate the remainder when 749 is divided by 50.
49
What is the remainder when 139 is divided by 37?
28
What is the remainder when 491 is divided by 164?
163
What is the remainder when 191 is divided by 22?
15
What is the remainder when 126 is divided by 83?
43
Calculate the remainder when 107 is divided by 56.
51
What is the remainder when 117 is divided by 40?
37
What is the remainder when 414 is divided by 16?
14
What is the remainder when 2099 is divided by 10?
9
What is the remainder when 435 is divided by 140?
15
Calculate the remainder when 99 is divided by 62.
37
Calculate the remainder when 82 is divided by 11.
5
Calculate the remainder when 185 is divided by 182.
3
What is the remainder when 12 is divided by 4?
0
Calculate the remainder when 532 is divided by 6.
4
Calculate the remainder when 484 is divided by 17.
8
Calculate the remainder when 252 is divided by 5.
2
Calculate the remainder when 1572 is divided by 318.
300
What is the remainder when 232 is divided by 82?
68
Calculate the remainder when 180 is divided by 12.
0
What is the remainder when 18239 is divided by 8?
7
What is the remainder when 330 is divided by 69?
54
What is the remainder when 179 is divided by 90?
89
Calculate the remainder when 42 is divided by 8.
2
Calculate the remainder when 466 is divided by 26.
24
What is the remainder when 346 is divided by 172?
2
Calculate the remainder when 985 is divided by 34.
33
What is the remainder when 20 is divided by 3?
2
What is the remainder when 300 is divided by 101?
98
Calculate the remainder when 2159 is divided by 108.
107
Calculate the remainder when 307 is divided by 10.
7
What is the remainder when 52 is divided by 11?
8
Calculate the remainder when 127 is divided by 39.
10
Calculate the remainder when 200 is divided by 50.
0
What is the remainder when 62 is divided by 59?
3
Calculate the remainder when 77 is divided by 52.
25
What is the remainder when 1235 is divided by 21?
17
Calculate the remainder when 63 is divided by 33.
30
What is the remainder when 348 is divided by 39?
36
What is the remainder when 181 is divided by 38?
29
Calculate the remainder when 569 is divided by 121.
85
Calculate the remainder when 95 is divided by 20.
15
What is the remainder when 3736 is divided by 6?
4
What is the remainder when 241 is divided by 61?
58
Calculate the remainder when 38 is divided by 11.
5
Calculate the remainder when 288 is divided by 27.
18
What is the remainder when 15895 is divided by 8?
7
Calculate the remainder when 714 is divided by 10.
4
Calculate the remainder when 567 is divided by 71.
70
What is the remainder when 783 is divided by 164?
127
What is the remainder when 21821 is divided by 64?
61
What is the remainder when 184 is divided by 37?
36
What is the remainder when 156 is divided by 83?
73
Calculate the remainder when 450 is divided by 41.
40
Calculate the remainder when 569 is divided by 72.
65
Calculate the remainder when 290 is divided by 11.
4
What is the remainder when 249 is divided by 28?
25
What is the remainder when 170 is divided by 22?
16
Calculate the remainder when 723 is divided by 28.
23
Calculate the remainder when 83 is divided by 17.
15
What is the remainder when 226 is divided by 215?
11
What is the remainder when 49 is divided by 18?
13
What is the remainder when 738 is divided by 74?
72
What is the remainder when 72 is divided by 25?
22
What is the remainder when 376 is divided by 125?
1
Calculate the remainder when 239 is divided by 20.
19
Calculate the remainder when 109 is divided by 62.
47
Calculate the remainder when 637 is divided by 109.
92
Calculate the remainder when 149 is divided by 76.
73
What is the remainder when 218 is divided by 44?
42
What is the remainder when 620 is divided by 122?
10
Calculate the remainder when 23 is divided by 12.
11
Calculate the remainder when 744 is divided by 148.
4
Calculate the remainder when 44 is divided by 5.
4
Calculate the remainder when 2010 is divided by 25.
10
Calculate the remainder when 1378 is divided by 92.
90
Calculate the remainder when 5703 is divided by 26.
9
Calculate the remainder when 466 is divided by 113.
14
Calculate the remainder when 15999 is divided by 160.
159
What is the remainder when 3277 is divided by 538?
49
What is the remainder when 15 is divided by 3?
0
What is the remainder when 244 is divided by 35?
34
What is the remainder when 163 is divided by 41?
40
Calculate the remainder when 1469 is divided by 64.
61
Calculate the remainder when 17 is divided by 7.
3
What is the remainder when 22 is divided by 16?
6
What is the remainder when 1061 is divided by 28?
25
What is the remainder when 642 is divided by 170?
132
What is the remainder when 720 is divided by 7?
6
Calculate the remainder when 48 is divided by 11.
4
Calculate the remainder when 57 is divided by 28.
1
What is the remainder when 725 is divided by 81?
77
What is the remainder when 453 is divided by 151?
0
Calculate the remainder when 1536 is divided by 254.
12
What is the remainder when 2008 is divided by 63?
55
Calculate the remainder when 3973 is divided by 53.
51
Calculate the remainder when 99 is divided by 33.
0
What is the remainder when 397 is divided by 21?
19
What is the remainder when 1079 is divided by 47?
45
What is the remainder when 72 is divided by 52?
20
What is the remainder when 212 is divided by 184?
28
Calculate the remainder when 353 is divided by 15.
8
Calculate the remainder when 813 is divided by 27.
3
Calculate the remainder when 90 is divided by 35.
20
Calculate the remainder when 52 is divided by 2.
0
What is the remainder when 981 is divided by 82?
79
What is the remainder when 1746 is divided by 92?
90
What is the remainder when 804 is divided by 787?
17
What is the remainder when 201 is divided by 13?
6
What is the remainder when 149 is divided by 48?
5
What is the remainder when 591 is divided by 99?
96
What is the remainder when 46 is divided by 13?
7
What is the remainder when 307 is divided by 293?
14
Calculate the remainder when 712 is divided by 17.
15
What is the remainder when 422 is divided by 92?
54
What is the remainder when 7657 is divided by 111?
109
Calculate the remainder when 534 is divided by 39.
27
Calculate the remainder when 1587 is divided by 30.
27
Calculate the remainder when 1156 is divided by 194.
186
Calculate the remainder when 563 is divided by 26.
17
Calculate the remainder when 344 is divided by 13.
6
Calculate the remainder when 49 is divided by 16.
1
What is the remainder when 132 is divided by 119?
13
Calculate the remainder when 1573 is divided by 310.
23
What is the remainder when 252 is divided by 119?
14
Calculate the remainder when 838 is divided by 824.
14
What is the remainder when 9769 is divided by 17?
11
What is the remainder when 83 is divided by 33?
17
What is the remainder when 207 is divided by 111?
96
Calculate the remainder when 216 is divided by 78.
60
Calculate the remainder when 786 is divided by 104.
58
What is the remainder when 24 is divided by 9?
6
Calculate the remainder when 213 is divided by 63.
24
Calculate the remainder when 532 is divided by 13.
12
What is the remainder when 135 is divided by 69?
66
Calculate the remainder when 434 i